{"id":796,"date":"2024-04-03T13:57:27","date_gmt":"2024-04-03T11:57:27","guid":{"rendered":"https:\/\/editionsathizes.fr\/?page_id=796"},"modified":"2024-04-10T15:24:50","modified_gmt":"2024-04-10T13:24:50","slug":"atout-pique","status":"publish","type":"page","link":"https:\/\/editionsathizes.fr\/?page_id=796","title":{"rendered":"Atout Pique"},"content":{"rendered":"\t\t<div data-elementor-type=\"wp-page\" data-elementor-id=\"796\" class=\"elementor elementor-796\">\n\t\t\t\t\t\t<section class=\"elementor-section elementor-top-section elementor-element elementor-element-1a2b8a1 elementor-section-boxed elementor-section-height-default elementor-section-height-default\" data-id=\"1a2b8a1\" data-element_type=\"section\" data-e-type=\"section\">\n\t\t\t\t\t\t<div class=\"elementor-container elementor-column-gap-default\">\n\t\t\t\t\t<div class=\"elementor-column elementor-col-50 elementor-top-column elementor-element elementor-element-00b3027\" data-id=\"00b3027\" data-element_type=\"column\" data-e-type=\"column\">\n\t\t\t<div class=\"elementor-widget-wrap elementor-element-populated\">\n\t\t\t\t\t\t<div class=\"elementor-element elementor-element-2036c67 elementor-widget__width-initial elementor-widget elementor-widget-image\" data-id=\"2036c67\" data-element_type=\"widget\" data-e-type=\"widget\" data-widget_type=\"image.default\">\n\t\t\t\t<div class=\"elementor-widget-container\">\n\t\t\t\t\t\t\t\t\t\t\t\t\t\t\t<img fetchpriority=\"high\" decoding=\"async\" width=\"580\" height=\"725\" src=\"https:\/\/editionsathizes.fr\/wp-content\/uploads\/2024\/04\/Atout-pique-couv-5-768x960.jpg\" class=\"attachment-medium_large size-medium_large wp-image-789\" alt=\"Atout pique\" srcset=\"https:\/\/editionsathizes.fr\/wp-content\/uploads\/2024\/04\/Atout-pique-couv-5-768x960.jpg 768w, https:\/\/editionsathizes.fr\/wp-content\/uploads\/2024\/04\/Atout-pique-couv-5-240x300.jpg 240w, https:\/\/editionsathizes.fr\/wp-content\/uploads\/2024\/04\/Atout-pique-couv-5-819x1024.jpg 819w, https:\/\/editionsathizes.fr\/wp-content\/uploads\/2024\/04\/Atout-pique-couv-5-1229x1536.jpg 1229w, https:\/\/editionsathizes.fr\/wp-content\/uploads\/2024\/04\/Atout-pique-couv-5-1200x1500.jpg 1200w, https:\/\/editionsathizes.fr\/wp-content\/uploads\/2024\/04\/Atout-pique-couv-5-600x750.jpg 600w, https:\/\/editionsathizes.fr\/wp-content\/uploads\/2024\/04\/Atout-pique-couv-5.jpg 1501w\" sizes=\"(max-width: 580px) 100vw, 580px\" \/>\t\t\t\t\t\t\t\t\t\t\t\t\t\t\t<\/div>\n\t\t\t\t<\/div>\n\t\t\t\t\t<\/div>\n\t\t<\/div>\n\t\t\t\t<div class=\"elementor-column elementor-col-50 elementor-top-column elementor-element elementor-element-0a5a790\" data-id=\"0a5a790\" data-element_type=\"column\" data-e-type=\"column\">\n\t\t\t<div class=\"elementor-widget-wrap elementor-element-populated\">\n\t\t\t\t\t\t<div class=\"elementor-element elementor-element-e54fd1c elementor-widget__width-initial elementor-widget elementor-widget-text-editor\" data-id=\"e54fd1c\" data-element_type=\"widget\" data-e-type=\"widget\" data-widget_type=\"text-editor.default\">\n\t\t\t\t<div class=\"elementor-widget-container\">\n\t\t\t\t\t\t\t\t\t<p>\u00a0<\/p><p><strong><span style=\"color: #000000; font-family: Open Sans, sans-serif;\"><span style=\"font-size: 16px;\">Renverser un roi de C\u0153ur qui n&rsquo;en a pas ? C&rsquo;est possible !\u00a0<\/span><\/span><\/strong><\/p><p>Au royaume des Quatre Couleurs, l\u2019impitoyable Roi de Coeur exige quotidiennement des cartes qu\u2019elles b\u00e2tissent pour lui un ch\u00e2teau au sommet duquel pavaner. Les cartes de faible valeur tout en bas, lui tout en haut. Mais chaque jour, fragilis\u00e9 par un vent de r\u00e9volte et d\u2019injustice, le ch\u00e2teau s\u2019effondre. Exc\u00e9d\u00e9e par le comportement du Roi, la Dame de Pique d\u00e9cide d\u2019agir.\u00a0<\/p><p>Et s\u2019il existait un autre moyen de construire ensemble ?<\/p><p><span style=\"color: #000000; font-family: 'Open Sans', sans-serif; font-size: 16px; letter-spacing: normal;\"><b>Par Manech et Carla Cartagena<br \/><\/b><\/span><i style=\"text-align: inherit; color: #000000; font-family: 'Open Sans', sans-serif; font-size: 16px; letter-spacing: normal;\">Collection R\u00eaver<br \/>32 pages, couverture cartonn\u00e9e, 21 x 27 cm, 17 euros<br \/>\u00c0 partir de 5 ans<\/i><\/p><p><i style=\"text-align: inherit; color: #000000; font-family: 'Open Sans', sans-serif; font-size: 16px; letter-spacing: normal;\">\u00a0<\/i><\/p><p><i style=\"text-align: inherit; color: #000000; font-family: 'Open Sans', sans-serif; font-size: 16px; letter-spacing: normal;\">Mots clefs : injustice, pouvoir au f\u00e9minin.<\/i><\/p>\t\t\t\t\t\t\t\t<\/div>\n\t\t\t\t<\/div>\n\t\t\t\t<div class=\"elementor-element elementor-element-011a75d elementor-widget-divider--view-line elementor-widget elementor-widget-divider\" data-id=\"011a75d\" data-element_type=\"widget\" data-e-type=\"widget\" data-widget_type=\"divider.default\">\n\t\t\t\t<div class=\"elementor-widget-container\">\n\t\t\t\t\t\t\t<div class=\"elementor-divider\">\n\t\t\t<span class=\"elementor-divider-separator\">\n\t\t\t\t\t\t<\/span>\n\t\t<\/div>\n\t\t\t\t\t\t<\/div>\n\t\t\t\t<\/div>\n\t\t\t\t<div class=\"elementor-element elementor-element-7852853 elementor-align-center elementor-widget__width-initial elementor-widget elementor-widget-button\" data-id=\"7852853\" data-element_type=\"widget\" data-e-type=\"widget\" data-widget_type=\"button.default\">\n\t\t\t\t<div class=\"elementor-widget-container\">\n\t\t\t\t\t\t\t\t\t<div class=\"elementor-button-wrapper\">\n\t\t\t\t\t<a class=\"elementor-button elementor-button-link elementor-size-md\" href=\"https:\/\/editions-athizes.sumupstore.com\/article\/atout-pique\" target=\"_blank\">\n\t\t\t\t\t\t<span class=\"elementor-button-content-wrapper\">\n\t\t\t\t\t\t\t\t\t<span class=\"elementor-button-text\">Je commande<\/span>\n\t\t\t\t\t<\/span>\n\t\t\t\t\t<\/a>\n\t\t\t\t<\/div>\n\t\t\t\t\t\t\t\t<\/div>\n\t\t\t\t<\/div>\n\t\t\t\t\t<\/div>\n\t\t<\/div>\n\t\t\t\t\t<\/div>\n\t\t<\/section>\n\t\t\t\t<section class=\"elementor-section elementor-top-section elementor-element elementor-element-82aa617 elementor-section-boxed elementor-section-height-default elementor-section-height-default\" data-id=\"82aa617\" data-element_type=\"section\" data-e-type=\"section\">\n\t\t\t\t\t\t<div class=\"elementor-container elementor-column-gap-default\">\n\t\t\t\t\t<div class=\"elementor-column elementor-col-100 elementor-top-column elementor-element elementor-element-387152d\" data-id=\"387152d\" data-element_type=\"column\" data-e-type=\"column\">\n\t\t\t<div class=\"elementor-widget-wrap elementor-element-populated\">\n\t\t\t\t\t\t<div class=\"elementor-element elementor-element-24f6e33 elementor-widget elementor-widget-text-editor\" data-id=\"24f6e33\" data-element_type=\"widget\" data-e-type=\"widget\" data-widget_type=\"text-editor.default\">\n\t\t\t\t<div class=\"elementor-widget-container\">\n\t\t\t\t\t\t\t\t\t<p>\u00ab\u00a0<span style=\"font-size: inherit; text-align: inherit; color: var( --e-global-color-text ); font-family: var( --e-global-typography-text-font-family ), Sans-serif; font-weight: var( --e-global-typography-text-font-weight ); letter-spacing: -0.015em;\"><strong>D&rsquo;un c\u00f4t\u00e9 un conte traditionnel avec le couple royal, les serviteurs et le dragon, et de l&rsquo;autre une critique de la tyrannie et des in\u00e9galit\u00e9s&#8230; et le tout avec une petite pinc\u00e9e de f\u00e9minisme, j&rsquo;adore !<\/strong> \u00a0\u00bb Julie, libraire.\u00a0<\/span><\/p>\t\t\t\t\t\t\t\t<\/div>\n\t\t\t\t<\/div>\n\t\t\t\t<div class=\"elementor-element elementor-element-cae041a elementor-widget elementor-widget-media-carousel\" data-id=\"cae041a\" data-element_type=\"widget\" data-e-type=\"widget\" data-widget_type=\"media-carousel.default\">\n\t\t\t\t<div class=\"elementor-widget-container\">\n\t\t\t\t\t \t\t\t\t<\/div>\n\t\t\t\t<\/div>\n\t\t\t\t\t<\/div>\n\t\t<\/div>\n\t\t\t\t\t<\/div>\n\t\t<\/section>\n\t\t\t\t<section class=\"elementor-section elementor-top-section elementor-element elementor-element-daef247 elementor-section-boxed elementor-section-height-default elementor-section-height-default\" data-id=\"daef247\" data-element_type=\"section\" data-e-type=\"section\">\n\t\t\t\t\t\t<div class=\"elementor-container elementor-column-gap-default\">\n\t\t\t\t\t<div class=\"elementor-column elementor-col-100 elementor-top-column elementor-element elementor-element-cece9f4\" data-id=\"cece9f4\" data-element_type=\"column\" data-e-type=\"column\">\n\t\t\t<div class=\"elementor-widget-wrap elementor-element-populated\">\n\t\t\t\t\t\t<div class=\"elementor-element elementor-element-065d422 elementor-shape-rounded elementor-grid-0 e-grid-align-center elementor-widget elementor-widget-social-icons\" data-id=\"065d422\" data-element_type=\"widget\" data-e-type=\"widget\" data-widget_type=\"social-icons.default\">\n\t\t\t\t<div class=\"elementor-widget-container\">\n\t\t\t\t\t\t\t<div class=\"elementor-social-icons-wrapper elementor-grid\" role=\"list\">\n\t\t\t\t\t\t\t<span class=\"elementor-grid-item\" role=\"listitem\">\n\t\t\t\t\t<a class=\"elementor-icon elementor-social-icon elementor-social-icon-instagram elementor-repeater-item-efc6dce\" href=\"https:\/\/www.instagram.com\/editions_athizes\/\" target=\"_blank\">\n\t\t\t\t\t\t<span class=\"elementor-screen-only\">Instagram<\/span>\n\t\t\t\t\t\t<i aria-hidden=\"true\" class=\"fab fa-instagram\"><\/i>\t\t\t\t\t<\/a>\n\t\t\t\t<\/span>\n\t\t\t\t\t\t\t<span class=\"elementor-grid-item\" role=\"listitem\">\n\t\t\t\t\t<a class=\"elementor-icon elementor-social-icon elementor-social-icon-facebook elementor-repeater-item-369000b\" href=\"https:\/\/www.facebook.com\/editionsathizes\/\" target=\"_blank\">\n\t\t\t\t\t\t<span class=\"elementor-screen-only\">Facebook<\/span>\n\t\t\t\t\t\t<i aria-hidden=\"true\" class=\"fab fa-facebook\"><\/i>\t\t\t\t\t<\/a>\n\t\t\t\t<\/span>\n\t\t\t\t\t\t\t<span class=\"elementor-grid-item\" role=\"listitem\">\n\t\t\t\t\t<a class=\"elementor-icon elementor-social-icon elementor-social-icon-youtube elementor-repeater-item-b29cd4d\" href=\"https:\/\/www.youtube.com\/@Athizes\/videos\" target=\"_blank\">\n\t\t\t\t\t\t<span class=\"elementor-screen-only\">Youtube<\/span>\n\t\t\t\t\t\t<i aria-hidden=\"true\" class=\"fab fa-youtube\"><\/i>\t\t\t\t\t<\/a>\n\t\t\t\t<\/span>\n\t\t\t\t\t<\/div>\n\t\t\t\t\t\t<\/div>\n\t\t\t\t<\/div>\n\t\t\t\t\t<\/div>\n\t\t<\/div>\n\t\t\t\t\t<\/div>\n\t\t<\/section>\n\t\t\t\t<\/div>\n\t\t","protected":false},"excerpt":{"rendered":"<p>\u00a0 Renverser un roi de C\u0153ur qui n&rsquo;en a pas ? C&rsquo;est possible !\u00a0 Au royaume des Quatre Couleurs, l\u2019impitoyable Roi de Coeur exige quotidiennement des cartes qu\u2019elles b\u00e2tissent pour lui un ch\u00e2teau au sommet duquel pavaner. Les cartes de faible valeur tout en bas, lui tout en haut. Mais chaque jour, fragilis\u00e9 par un [&hellip;]<\/p>\n","protected":false},"author":1,"featured_media":0,"parent":0,"menu_order":0,"comment_status":"closed","ping_status":"closed","template":"","meta":{"footnotes":""},"class_list":["post-796","page","type-page","status-publish","hentry"],"yoast_head":"<!-- This site is optimized with the Yoast SEO plugin v27.5 - https:\/\/yoast.com\/product\/yoast-seo-wordpress\/ -->\n<title>Atout Pique - Editions Athizes<\/title>\n<meta name=\"description\" content=\"L\u2019impitoyable Roi de Coeur exige des cartes qu\u2019elles b\u00e2tissent un ch\u00e2teau au sommet duquel pavaner. Et s\u2019il existait un autre moyen de construire ensemble ?\" \/>\n<meta name=\"robots\" content=\"index, follow, max-snippet:-1, max-image-preview:large, max-video-preview:-1\" \/>\n<link rel=\"canonical\" href=\"https:\/\/editionsathizes.fr\/?page_id=796\" \/>\n<meta property=\"og:locale\" content=\"fr_FR\" \/>\n<meta property=\"og:type\" content=\"article\" \/>\n<meta property=\"og:title\" content=\"Atout Pique - Editions Athizes\" \/>\n<meta property=\"og:description\" content=\"L\u2019impitoyable Roi de Coeur exige des cartes qu\u2019elles b\u00e2tissent un ch\u00e2teau au sommet duquel pavaner. Et s\u2019il existait un autre moyen de construire ensemble ?\" \/>\n<meta property=\"og:url\" content=\"https:\/\/editionsathizes.fr\/?page_id=796\" \/>\n<meta property=\"og:site_name\" content=\"Editions Athizes\" \/>\n<meta property=\"article:publisher\" content=\"https:\/\/www.facebook.com\/editionsathizes\/\" \/>\n<meta property=\"article:modified_time\" content=\"2024-04-10T13:24:50+00:00\" \/>\n<meta property=\"og:image\" content=\"http:\/\/editionsathizes.fr\/wp-content\/uploads\/2024\/04\/Atout-pique-couv-5-768x960.jpg\" \/>\n<meta name=\"twitter:card\" content=\"summary_large_image\" \/>\n<meta name=\"twitter:label1\" content=\"Dur\u00e9e de lecture estim\u00e9e\" \/>\n\t<meta name=\"twitter:data1\" content=\"1 minute\" \/>\n<script type=\"application\/ld+json\" class=\"yoast-schema-graph\">{\"@context\":\"https:\\\/\\\/schema.org\",\"@graph\":[{\"@type\":\"WebPage\",\"@id\":\"https:\\\/\\\/editionsathizes.fr\\\/?page_id=796\",\"url\":\"https:\\\/\\\/editionsathizes.fr\\\/?page_id=796\",\"name\":\"Atout Pique - Editions Athizes\",\"isPartOf\":{\"@id\":\"https:\\\/\\\/editionsathizes.fr\\\/#website\"},\"primaryImageOfPage\":{\"@id\":\"https:\\\/\\\/editionsathizes.fr\\\/?page_id=796#primaryimage\"},\"image\":{\"@id\":\"https:\\\/\\\/editionsathizes.fr\\\/?page_id=796#primaryimage\"},\"thumbnailUrl\":\"http:\\\/\\\/editionsathizes.fr\\\/wp-content\\\/uploads\\\/2024\\\/04\\\/Atout-pique-couv-5-768x960.jpg\",\"datePublished\":\"2024-04-03T11:57:27+00:00\",\"dateModified\":\"2024-04-10T13:24:50+00:00\",\"description\":\"L\u2019impitoyable Roi de Coeur exige des cartes qu\u2019elles b\u00e2tissent un ch\u00e2teau au sommet duquel pavaner. Et s\u2019il existait un autre moyen de construire ensemble ?\",\"breadcrumb\":{\"@id\":\"https:\\\/\\\/editionsathizes.fr\\\/?page_id=796#breadcrumb\"},\"inLanguage\":\"fr-FR\",\"potentialAction\":[{\"@type\":\"ReadAction\",\"target\":[\"https:\\\/\\\/editionsathizes.fr\\\/?page_id=796\"]}]},{\"@type\":\"ImageObject\",\"inLanguage\":\"fr-FR\",\"@id\":\"https:\\\/\\\/editionsathizes.fr\\\/?page_id=796#primaryimage\",\"url\":\"http:\\\/\\\/editionsathizes.fr\\\/wp-content\\\/uploads\\\/2024\\\/04\\\/Atout-pique-couv-5-768x960.jpg\",\"contentUrl\":\"http:\\\/\\\/editionsathizes.fr\\\/wp-content\\\/uploads\\\/2024\\\/04\\\/Atout-pique-couv-5-768x960.jpg\"},{\"@type\":\"BreadcrumbList\",\"@id\":\"https:\\\/\\\/editionsathizes.fr\\\/?page_id=796#breadcrumb\",\"itemListElement\":[{\"@type\":\"ListItem\",\"position\":1,\"name\":\"Accueil\",\"item\":\"https:\\\/\\\/editionsathizes.fr\\\/\"},{\"@type\":\"ListItem\",\"position\":2,\"name\":\"Atout Pique\"}]},{\"@type\":\"WebSite\",\"@id\":\"https:\\\/\\\/editionsathizes.fr\\\/#website\",\"url\":\"https:\\\/\\\/editionsathizes.fr\\\/\",\"name\":\"Editions Athizes\",\"description\":\"Maison d&#039;\u00e9dition jeunesse, humaniste et engag\u00e9e\",\"publisher\":{\"@id\":\"https:\\\/\\\/editionsathizes.fr\\\/#organization\"},\"potentialAction\":[{\"@type\":\"SearchAction\",\"target\":{\"@type\":\"EntryPoint\",\"urlTemplate\":\"https:\\\/\\\/editionsathizes.fr\\\/?s={search_term_string}\"},\"query-input\":{\"@type\":\"PropertyValueSpecification\",\"valueRequired\":true,\"valueName\":\"search_term_string\"}}],\"inLanguage\":\"fr-FR\"},{\"@type\":\"Organization\",\"@id\":\"https:\\\/\\\/editionsathizes.fr\\\/#organization\",\"name\":\"Editions Athizes\",\"url\":\"https:\\\/\\\/editionsathizes.fr\\\/\",\"logo\":{\"@type\":\"ImageObject\",\"inLanguage\":\"fr-FR\",\"@id\":\"https:\\\/\\\/editionsathizes.fr\\\/#\\\/schema\\\/logo\\\/image\\\/\",\"url\":\"https:\\\/\\\/editionsathizes.fr\\\/wp-content\\\/uploads\\\/2023\\\/07\\\/logo-bf-1.jpg\",\"contentUrl\":\"https:\\\/\\\/editionsathizes.fr\\\/wp-content\\\/uploads\\\/2023\\\/07\\\/logo-bf-1.jpg\",\"width\":1458,\"height\":417,\"caption\":\"Editions Athizes\"},\"image\":{\"@id\":\"https:\\\/\\\/editionsathizes.fr\\\/#\\\/schema\\\/logo\\\/image\\\/\"},\"sameAs\":[\"https:\\\/\\\/www.facebook.com\\\/editionsathizes\\\/\",\"https:\\\/\\\/www.instagram.com\\\/editions_athizes\\\/\"]}]}<\/script>\n<!-- \/ Yoast SEO plugin. -->","yoast_head_json":{"title":"Atout Pique - Editions Athizes","description":"L\u2019impitoyable Roi de Coeur exige des cartes qu\u2019elles b\u00e2tissent un ch\u00e2teau au sommet duquel pavaner. Et s\u2019il existait un autre moyen de construire ensemble ?","robots":{"index":"index","follow":"follow","max-snippet":"max-snippet:-1","max-image-preview":"max-image-preview:large","max-video-preview":"max-video-preview:-1"},"canonical":"https:\/\/editionsathizes.fr\/?page_id=796","og_locale":"fr_FR","og_type":"article","og_title":"Atout Pique - Editions Athizes","og_description":"L\u2019impitoyable Roi de Coeur exige des cartes qu\u2019elles b\u00e2tissent un ch\u00e2teau au sommet duquel pavaner. Et s\u2019il existait un autre moyen de construire ensemble ?","og_url":"https:\/\/editionsathizes.fr\/?page_id=796","og_site_name":"Editions Athizes","article_publisher":"https:\/\/www.facebook.com\/editionsathizes\/","article_modified_time":"2024-04-10T13:24:50+00:00","og_image":[{"url":"http:\/\/editionsathizes.fr\/wp-content\/uploads\/2024\/04\/Atout-pique-couv-5-768x960.jpg","type":"","width":"","height":""}],"twitter_card":"summary_large_image","twitter_misc":{"Dur\u00e9e de lecture estim\u00e9e":"1 minute"},"schema":{"@context":"https:\/\/schema.org","@graph":[{"@type":"WebPage","@id":"https:\/\/editionsathizes.fr\/?page_id=796","url":"https:\/\/editionsathizes.fr\/?page_id=796","name":"Atout Pique - Editions Athizes","isPartOf":{"@id":"https:\/\/editionsathizes.fr\/#website"},"primaryImageOfPage":{"@id":"https:\/\/editionsathizes.fr\/?page_id=796#primaryimage"},"image":{"@id":"https:\/\/editionsathizes.fr\/?page_id=796#primaryimage"},"thumbnailUrl":"http:\/\/editionsathizes.fr\/wp-content\/uploads\/2024\/04\/Atout-pique-couv-5-768x960.jpg","datePublished":"2024-04-03T11:57:27+00:00","dateModified":"2024-04-10T13:24:50+00:00","description":"L\u2019impitoyable Roi de Coeur exige des cartes qu\u2019elles b\u00e2tissent un ch\u00e2teau au sommet duquel pavaner. Et s\u2019il existait un autre moyen de construire ensemble ?","breadcrumb":{"@id":"https:\/\/editionsathizes.fr\/?page_id=796#breadcrumb"},"inLanguage":"fr-FR","potentialAction":[{"@type":"ReadAction","target":["https:\/\/editionsathizes.fr\/?page_id=796"]}]},{"@type":"ImageObject","inLanguage":"fr-FR","@id":"https:\/\/editionsathizes.fr\/?page_id=796#primaryimage","url":"http:\/\/editionsathizes.fr\/wp-content\/uploads\/2024\/04\/Atout-pique-couv-5-768x960.jpg","contentUrl":"http:\/\/editionsathizes.fr\/wp-content\/uploads\/2024\/04\/Atout-pique-couv-5-768x960.jpg"},{"@type":"BreadcrumbList","@id":"https:\/\/editionsathizes.fr\/?page_id=796#breadcrumb","itemListElement":[{"@type":"ListItem","position":1,"name":"Accueil","item":"https:\/\/editionsathizes.fr\/"},{"@type":"ListItem","position":2,"name":"Atout Pique"}]},{"@type":"WebSite","@id":"https:\/\/editionsathizes.fr\/#website","url":"https:\/\/editionsathizes.fr\/","name":"Editions Athizes","description":"Maison d&#039;\u00e9dition jeunesse, humaniste et engag\u00e9e","publisher":{"@id":"https:\/\/editionsathizes.fr\/#organization"},"potentialAction":[{"@type":"SearchAction","target":{"@type":"EntryPoint","urlTemplate":"https:\/\/editionsathizes.fr\/?s={search_term_string}"},"query-input":{"@type":"PropertyValueSpecification","valueRequired":true,"valueName":"search_term_string"}}],"inLanguage":"fr-FR"},{"@type":"Organization","@id":"https:\/\/editionsathizes.fr\/#organization","name":"Editions Athizes","url":"https:\/\/editionsathizes.fr\/","logo":{"@type":"ImageObject","inLanguage":"fr-FR","@id":"https:\/\/editionsathizes.fr\/#\/schema\/logo\/image\/","url":"https:\/\/editionsathizes.fr\/wp-content\/uploads\/2023\/07\/logo-bf-1.jpg","contentUrl":"https:\/\/editionsathizes.fr\/wp-content\/uploads\/2023\/07\/logo-bf-1.jpg","width":1458,"height":417,"caption":"Editions Athizes"},"image":{"@id":"https:\/\/editionsathizes.fr\/#\/schema\/logo\/image\/"},"sameAs":["https:\/\/www.facebook.com\/editionsathizes\/","https:\/\/www.instagram.com\/editions_athizes\/"]}]}},"_links":{"self":[{"href":"https:\/\/editionsathizes.fr\/index.php?rest_route=\/wp\/v2\/pages\/796","targetHints":{"allow":["GET"]}}],"collection":[{"href":"https:\/\/editionsathizes.fr\/index.php?rest_route=\/wp\/v2\/pages"}],"about":[{"href":"https:\/\/editionsathizes.fr\/index.php?rest_route=\/wp\/v2\/types\/page"}],"author":[{"embeddable":true,"href":"https:\/\/editionsathizes.fr\/index.php?rest_route=\/wp\/v2\/users\/1"}],"replies":[{"embeddable":true,"href":"https:\/\/editionsathizes.fr\/index.php?rest_route=%2Fwp%2Fv2%2Fcomments&post=796"}],"version-history":[{"count":14,"href":"https:\/\/editionsathizes.fr\/index.php?rest_route=\/wp\/v2\/pages\/796\/revisions"}],"predecessor-version":[{"id":834,"href":"https:\/\/editionsathizes.fr\/index.php?rest_route=\/wp\/v2\/pages\/796\/revisions\/834"}],"wp:attachment":[{"href":"https:\/\/editionsathizes.fr\/index.php?rest_route=%2Fwp%2Fv2%2Fmedia&parent=796"}],"curies":[{"name":"wp","href":"https:\/\/api.w.org\/{rel}","templated":true}]}}